lue of 8 - (-18 - (1 + -112 - (10 - 7)))?
-88
What is (0 - (17 - -2)) + 36 + -34?
-17
What is the value of (-18 - (-19 + -2) - 2) + 4 + -18?
-13
Evaluate -7 + 1 + -32 - (-22 + (-21 - -43)).
-38
What is ((9 - -45) + -9 - (11 - 1)) + (-17 - -14)?
32
Calculate (-11 - (3 + -13 + -2) - -45) + 7 + 1.
54
Calculate -9 + (-2 - -20 - -2) + -46.
-35
Evaluate -4 + (-50 + 44 - -49).
39
Evaluate 48 + (58 - (70 - -61)) - (0 + -9 + 0).
-16
Evaluate 25 + -53 + -164 + 65.
-127
Evaluate 15 - (12 + (-1 - 3) + 0 - 47).
54
388 - 395 - (4 + -10)
-1
Calculate -48 + -64 + 107 + (-1 - -3) + -5 + 15.
7
Evaluate 264 - 367 - ((1 - 12) + -2 + -1).
-89
-10 + -2 + (124 - 0) + -33
79
56 + (-21 - -27) + 13 + 10
85
Evaluate (1 - -7) + (-416 - -323).
-85
What is 40 - (29 + -4) - 31?
-16
(-36 - 1) + 24 + -60 + 28
-45
Evaluate 0 + 18 + (27 - (-17 + 54)).
8
Evaluate 32 + 34 + (15 - (-12 + 44)).
49
410 - 436 - (-30 - -2)
2
What is -6 + 28 + (9 - 12) + (14 - 2)?
31
-5 + -44 + -4 + -2
-55
What is the value of -13 - (17 - ((8 - 6) + (-21 - -23)))?
-26
What is the value of -16 + (5 - (8 + -4)) - (-60 - 10)?
55
-1 + 2 - (-66 - -17 - -74)
-24
Evaluate (0 - 3) + (1 - 6) + (31 - 6 - -24).
41
What is the value of (31 - -23) + (3 + -7 - (-9 + -4 + -1))?
64
What is -42 - 3 - (11 - (-20 + -2) - 6 - 17)?
-55
Evaluate 13 + 21 + -19 + 36.
51
What is the value of (13 - 24 - 22) + 7 - -26?
0
Calculate 115 - (49 + 25) - 46.
-5
Calculate -15 - (-21 + 25) - -23 - (-1 + 3 - 16).
18
What is the value of -17 + -21 + 4 + (3 - -117)?
86
What is the value of 15 - 2 - 11 - (22 + -1 + -11 - 3)?
-5
-53 - -3 - (10 - (3 - (11 - 23)) - -14)
-59
Evaluate -6 + -2 - (-32 + 109 + -18).
-67
Evaluate -7 + (-1 + 3 + 12 - (-486 + 528) - 3).
-38
What is the value of 14 - (-66 + 40 + 6)?
34
Evaluate (-26 - (0 - 1)) + (-25271 - -25427).
131
What is the value of 26 - ((-32 - (14 + -6)) + 25)?
41
Calculate -42 + 23 + (-9 + 16 - (-12 - -24)).
-24
7 + (-26 - -2) - (12 + 0)
-29
Evaluate (24 - 29) + ((-6 - (-9 + -2)) + -2 - -23).
21
What is the value of 2 - (-10 - 0 - (-80 + 62)) - -34?
28
What is -86 - (-30 + 88) - -78?
-66
Evaluate 502 + -503 - (-6 + -7 + 27).
-15
What is the value of (9 - 0 - ((13 + -11 - 13) + 21)) + 36?
35
5 - (-8 - -33) - -17
-3
What is -33 + (20 - (3 + -13 + 9))?
-12
What is -16 + (13 - 39) + 28 + -27?
-41
Calculate 1 + 31 + (591 - 631).
-8
(55 - (-27 - 3) - 21) + -15
49
Evaluate 83 + -20 + -48 + -83 + (15 - 1).
-54
Evaluate (-9 - (-32 + 26 + -15)) + 9.
21
What is 21 + -74 + 25 + 40 + 76?
88
What is (-7 - -1) + -2 + (-3129 - -3162)?
25
What is 201 + -152 - (42 + -33 + 0 + 0)?
40
62 - (1 + 32) - (11 - 19)
37
(16 - 1 - 1 - 23) + 16
7
What is the value of 121 + (3 - ((-3 - -3) + -1)) - (351 - 347)?
121
(18 - -34 - 45) + -25
-18
12 + 13 - (3 - (7 - (-5 + 8)) - 9)
35
What is 32 + (50 - 6 - (-36 + 15))?
97
What is (1173 - 1173) + -42 + 0 + 0 + -3?
-45
Calculate -6 + (9 + (1 - 10) + 112 - 10).
96
Evaluate -3 + 14 + -28 + 6 + -4 + -2.
-17
What is the value of (52 - 67) + (-9 - 62)?
-86
What is (9 - 16 - (4 + -33 - 6)) + (-81 - -89)?
36
Calculate (-1 - -2) + 1 + (18 - (25 - 36) - 31).
0
77 - 1 - (-32 + 5 + (1 - -3) + 13)
86
Calculate 84 - ((42 - 13) + -41).
96
(-46 - (-2 + -11)) + (-3 - 2) + 11 - 9
-36
Calculate 1 + 44 + (-11 - (-22 + 14 + -5)) + -6.
41
What is 3093 + -3099 + -1 + -63?
-70
Evaluate -13 - -1 - 6 - (-136 + 128).
-10
What is (-3 + 17 + 3 - (-2 - -12)) + -2 + 28?
33
-149 + (-11 - -28) + -2 - (3 - 18)
-119
Calculate (-15 - 0 - (-230 + 226)) + 2.
-9
Evaluate (-7 - -52) + 19 + -22 + 0 + 21.
63
-16 + (16 - (8 + -42))
34
Calculate (-41 + -15 - -64) + (1 - 2 - 6) + -19.
-18
What is (-149 - (-42 - -23)) + -19 - -27 - (-9 + 0)?
-113
Calculate (-1 - 6 - -5) + -2 - (68 + 45).
-117
Evaluate (27 - (33 + -20 + -13)) + 25.
52
Calculate -3 + 45 + 1 - (13 - 31 - (-23 + -1)).
37
Calculate -41 + (-66 + 6 - -91).
-10
Evaluate -84 + -58 + 25 + (14 - 16).
-119
Evaluate -39 - ((-2 - 45) + -32).
40
Evaluate -255 + 81 + 81 + 127.
34
12 + (15 - 37) - (5 + 40 - 11)
-44
What is -1 + 0 - (77 - (-112 + 253))?
63
Evaluate -79 + -22 + (0 - (20 + -13)) + 22.
-86
What is (1 - 10) + -49 + 28 + -6?
-36
89 + ((9 - (23 + -2)) + 23 - 19)
81
What is 7 - (1 + 10 + -2 + -915 + 914)?
-1
-5 + -13 - ((-3 + 16 - 13) + 6)
-24
Calculate 117 - (-25 - (-13 + -16)).
113
Evaluate (18 - (-17 + 25)) + -20 + -120.
-130
Calculate (-13 - 33) + -20 + 1.
-65
2869 + -2781 - (-24 - 2)
114
What is the value of (14 - (-2 + -45)) + 1 + 8 + -11?
59
What is -11 - (-29 + 24 - (-9 + (-16 - -9)))?
-22
39 + (4 + -159 - -181)
65
(-99 - -37) + (-59 - -43)
-78
What is -21 + 19 - -21 - (-1 + -19)?
39
What is the value of 55 - (25 + -2 + 6)?
26
-42 - (78 - (100 + -65))
-85
What is 13267 + -13278 - (-5 + 3 + -1)?
-8
Calculate -4 - (-2 + -6 + 2 + 5) - (30 - -31).
-64
-7 + (-5 - (23 - (0 + 1))) - (8 - 15)
-27
Calculate (47 - 27) + (37 - (2 - -6)).
49
(-17 + -11 - (10 - 34)) + 42
38
What is -32 - (-11 + -7 + 47) - 41?
-102
Evaluate (8 - (23 + (9 - 17)) - 71) + -14 + 12.
-80
Calculate (58 - -20) + -60 + (-1 - 3) - -56.
70
What is the value of (-46 - 0) + 5 - (-170 + 183)?
-54
-4 - -9 - (31 - (21 - 11) - -13)
-29
Calculate -10 - -1 - -8 - (-8 + (-8 - -59 - 9)).
-35
Evaluate 10 - -2 - 6 - (-11 + -13 + 18).
12
Calculate -14 - (-10 - (25 - 45 - -29)).
5
Evaluate 0 + 6 + -33 - -29 - 42.
-40
Calculate 32 - 24 - ((-5 - -6 - (-127 + -5)) + -11).
-114
What is 1 + -4 + 1 - -2 - (-262 + (206 - 16))?
72
What is -179 - (102 - (-33 - -197))?
-117
Evaluate 40 + -52 + 38 + (-26 - 0).
0
What is the value of (33 + 40 - 12) + -63 - (1 + -78)?
75
Evaluate (47 - 80) + (29 - -5) + (3 + -3 - -108).
109
What is the value of (99 + -256 - -68) + 204?
115
-21 + 23 + 11 + -5 + -3 + 13
18
Evaluate (-3 + 2 - -2) + -2 - (-70 + 10 - -48).
11
Calculate (-3 - -10) + 1 - (-746 + 806).
-52
What is -54 - 9 - -37 - 15?
-41
Calculate -12 + (0 + 1 + 2 - 9 - (-34 + 35)).
-19
Calculate -50 - (5 + 33 + -25).
-63
What is the value of 1286 + -1321 - (1 + 2 + 8)?
-46
0 - (2 + 62) - ((36 - -43) + -113 + 28)
-58
What is the value of 30 + 0 - (-196 + 183 - (-2 + -2 - 17))?
22
What is the value of -4 + ((61 - 19) + 15 - 11 - (-1 - 13))?
56
(10 - 69 - -47) + 6
-6
What is the value of 51 - (5 - (-13 - 42))?
-9
What is the value of (9 - (40 - 16) - -46) + -6 + 6?
31
Calculate (-10 - 7) + -59 - (-11 + 26 - 32).
-59
What is the value of (-76 - (-92 + 44)) + (-1 - (0 + 7)) + 0?
-36
Calculate 1 - -145 - (-7368 - -7460).
54
What is the value of -129 + 78 + -23 + -4?
-78
(-73 - -163 - 106 - (-5 + -1)) + (-105 - 1)
-116
Evaluate 87 - ((178 - 21) + -26).
-44
What is -9 + (-43 + -32 - ((9 - 4) + -19))?
-70
Calculate 8 + (-14 - (-11 + (1 - (8 + -10 + -3)))).
-1
What is -3 + 0 + -15 - (53 - (172 + -15))?
86
What is the value of 42 - (-8 + 28) - 34 - (-2 - 1)?
-9
Evaluate 0 - (-80 + 78) - (-2 - (1 + -1)).
4
(231 - 202) + -14 + 0 + -14
1
Evaluate (-63 + 40 - (-9 + -26)) + (3 - 3 - 82).
-70
What is the value of -9 + 43 + (-9 - 22)?
3
-6 + -29 + -11 - (18 - 27)
-37
Evaluate (18 - ((0 - -54) + (6 - -14))) + (-1 - -5).
-52
Evaluate (-12 - 3 - (1 + 3)) + 37 + (-50 - -5).
-27
What is -9 + -31 + 49 + (-1 - -1) - -1?
10
What is -3 + (-7 - 2) + 7 + (1 - 37)?
-41
What is 13 - (18 + (3 - -5) - (2 - 9))?
-20
(22 - 111) + 61 - 6
-34
Calculate -1 + 12 + 0 + ((8 - 17) + 28 - -58).
88
Evaluate 12 + (11 - 16) - 32.
-25
54 - (-50 + 113 - -15)
-24
-4 + 18 + -53 + -2 - 4
-45
What is the value of (-7 - -52 - -51) + -84?
12
-1 + (48 - 38) + -8 + (1 - 4) + 42
40
Evaluate 10 - -22 - (4 + (14 - 74)).
88
(-13 + 24 - 60) + 1 + 2
-46
Evaluate (-15 - -1) + -28 + -2 + 36 + -2.
-10
What is the value of (-5 - (13 + -11 - 2)) + 32?
27
Calculate 8 + -76 - -11 - (8 + -4 + -17).
-44
Evaluate 6 + -4 + 21 + -9 + -9 - 11.
-6
Evaluate -52 - (6 + -4 + -5 + (7 - 10)).
-46
Calculate -15 + 1 - (15 - 54) - (5 + 7).
13
Evaluate -5 + 2 + -7 - (237 - 218).
-29
(146 - 82) + ((-3 - -1) + -3 - -23)
82
What is the value of -1 + 0 - (-100 - -35 - -54)?
10
What is the value of -40 + (10 - 15) + 7 + -10 - 8 - -7?
-49
(1 - -2) + 5 + -2 - (25 + 15 + -35)
1
-3449 + 3471 - (1 - -1 - 80)
100
What is -35 - (-29 + 20 + 1 + 1 + 5)?
-33
What is 42 + -31 + 55 + -105?
-39
-53 + 16 - (-17 + (-2 + -5 - -17) + -3)
-27
1 + 1 + 0 - (16 - 26) - (65 + -26)
-27
(97 - 27 - 70) + -6
-6
639 + -677 - (-5 + 7 + 45)
-8